
Let p(v) = -2707*v - 8052. Calculate p(-3).
69
Let n(f) = -4*f**3 - 49*f**2 - 17*f + 12. What is n(-11)?
-406
Let y(f) = -33*f**3 - 1751*f**2 - 102*f + 147. Calculate y(-53).
-65
Let h(a) = -153*a**2 + 1986*a + 13. Determine h(13).
-26
Let r(x) = -x**3 + 222*x**2 + 44*x - 58559. What is r(221)?
6
Let h(s) = 183*s + 732. Determine h(-4).
0
Let u(y) = -6*y**3 - 1380*y**2 - 5427*y - 1026. Calculate u(-226).
-348
Let o(f) = -22988*f - 482751. Determine o(-21).
-3
Let x(s) = 3*s**2 + 543*s + 14604. Determine x(-33).
-48
Let s(c) = 2*c**3 + 789*c**2 - 9755*c + 8. What is s(12)?
20
Let i(x) = 2312*x + 2494. Determine i(-2).
-2130
Let z(p) = -6*p**3 + 139*p**2 - 721*p - 59. What is z(8)?
-3
Let u(k) = -157*k + 11839. Give u(76).
-93
Let u(z) = -1162*z**2 - 328847*z - 276. Calculate u(-283).
7
Let x(f) = -4*f**2 - 7317*f + 29293. Determine x(4).
-39
Let j(p) = -48*p**3 + p**2 + 46*p - 50. Determine j(1).
-51
Let t(d) = 2*d**3 - 19*d**2 - 119*d + 973. Give t(7).
-105
Let n(u) = 2456*u - 670402. Calculate n(273).
86
Let b(v) = -3*v**2 + 5222*v + 31462. What is b(-6)?
22
Let i(h) = -4*h**2 - 11*h + 10389. Calculate i(-45).
2784
Let a(b) = -16212*b - 129456. What is a(-8)?
240
Let s(g) = -18*g**2 - 624*g + 213. Determine s(-35).
3
Let q(b) = 2*b**2 - 445*b + 24475. Give q(100).
-25
Let w(r) = 16*r**2 + 186*r + 409. Give w(-3).
-5
Let j(i) = 2014*i + 7616. What is j(-4)?
-440
Let r(b) = -50548*b - 707677. Give r(-14).
-5
Let r(j) = -6*j**2 - 640*j + 46. Give r(-107).
-168
Let p(k) = -2*k**2 + 220*k - 4209. Give p(25).
41
Let j(n) = 190*n**2 + 7419*n - 7418. Give j(1).
191
Let t(g) = 892*g**2 - 51890*g + 8921. Calculate t(58).
-11
Let f(y) = -y**2 - 292*y - 19486. Give f(-123).
1301
Let k(l) = -3*l**3 - 17*l**2 - 42*l - 62. Determine k(-4).
26
Let u(w) = -36*w**2 - 188*w - 6. What is u(-8)?
-806
Let s(a) = -4*a**3 + 129*a**2 + 96*a + 198. Determine s(33).
99
Let m(v) = 30842*v + 185055. What is m(-6)?
3
Let p(s) = -2157*s + 66809. What is p(31)?
-58
Let g(o) = -o**3 - 31*o**2 - 7775*o - 190625. Give g(-25).
0
Let b(i) = 276*i + 3870. Determine b(-13).
282
Let q(o) = -2*o**2 - 46*o - 647. Determine q(-14).
-395
Let w(p) = -p**2 + 232*p + 2746. Give w(-9).
577
Let j(y) = -36*y**3 - 91*y**2 - 50*y - 28. What is j(-2)?
-4
Let c(j) = -j**3 + 22*j**2 + 299*j + 844. Calculate c(32).
172
Let i(y) = 227*y**3 + 12*y**2 + 115*y - 122. What is i(1)?
232
Let g(k) = 7*k**3 - 324*k**2 + 2128*k + 75. Determine g(8).
-53
Let p(y) = 4*y**3 + 69*y**2 + 200*y + 952. What is p(-15)?
-23
Let z(s) = 23*s**2 + 639*s - 10977. Calculate z(12).
3
Let o(q) = -6413*q - 56350. Calculate o(-9).
1367
Let k(h) = -14*h**2 + 332*h - 1742. What is k(8)?
18
Let r(d) = 24*d**2 + 933*d - 17681. Calculate r(14).
85
Let n(x) = -386*x**3 - 2314*x**2 + 9*x - 7. Determine n(-6).
11
Let s(k) = 2*k**2 - 2554*k + 57679. Calculate s(23).
-5
Let m(b) = -1535*b - 33759. What is m(-22)?
11
Let k(u) = u**3 - 116*u**2 + 405*u + 4706. What is k(112)?
-110
Let t(a) = -570*a + 27384. Calculate t(49).
-546
Let q(s) = -3465*s - 1074114. Determine q(-310).
36
Let o(b) = 38*b**3 - b**2 - 113*b + 351. Determine o(3).
1029
Let l(k) = k**3 + 101*k**2 - 200*k - 20080. Determine l(-101).
120
Let p(c) = 2*c**3 + 16*c**2 - 6133*c - 60927. Give p(-10).
3
Let q(v) = -34*v**2 + 1827*v + 481. Give q(54).
-5
Let s(r) = r**2 + 101511*r - 1218226. Determine s(12).
50
Let u(z) = 3*z**2 - 854*z + 1412. Determine u(283).
-3
Let q(y) = 2*y**2 - 239*y + 6593. Determine q(44).
-51
Let n(t) = -66*t**3 + t**2 - 539*t - 1624. Calculate n(-3).
1784
Let k(x) = -x**2 + 1016*x - 246856. What is k(402)?
-28
Let n(s) = -s**3 - 7*s**2 + 16*s - 114. What is n(-10)?
26
Let q(y) = 361*y - 968. Determine q(3).
115
Let x(i) = -9377*i - 356329. Calculate x(-38).
-3
Let i(g) = -3*g**3 + 811*g**2 - 953*g - 33090. Give i(269).
-3
Let a(b) = 7*b**2 - 8921*b - 35705. What is a(-4)?
91
Let w(h) = -3*h**3 + 2440*h**2 + 184548*h - 896. Determine w(883).
-13
Let m(a) = 9*a**3 + 1003*a**2 - 503*a + 6395. What is m(-112)?
11
Let q(h) = -1389*h**2 + 56*h + 59. Determine q(-1).
-1386
Let r(b) = 2*b**2 + 459471*b - 2756892. What is r(6)?
6
Let y(x) = -195*x + 11356. Give y(65).
-1319
Let l(v) = -v**2 + 534*v + 21573. Calculate l(-38).
-163
Let l(c) = -c**3 + 131*c**2 + 1839*c + 1453. Determine l(-12).
-23
Let m(s) = 72*s**2 - 2189*s + 2937. Determine m(29).
8
Let q(z) = -2*z**3 + 346*z**2 + 3*z - 496. Give q(173).
23
Let y(a) = -3*a**3 + 40*a**2 + 16*a - 137. Give y(8).
1015
Let b(a) = 14*a**3 + 16513*a**2 - 8253*a + 8270. Determine b(-1180).
10
Let q(x) = -4*x**2 + 586*x + 6038. Determine q(156).
110
Let d(j) = 3*j**2 + 36*j - 4057. Determine d(33).
398
Let p(o) = -1353*o - 4923. Determine p(-4).
489
Let u(a) = -a**3 - 5*a**2 - 1162*a - 5807. Give u(-5).
3
Let s(z) = 8767*z - 306844. Calculate s(35).
1
Let c(t) = 1114*t - 32217. Determine c(29).
89
Let c(x) = -905*x - 8134. Determine c(-8).
-894
Let a(z) = z**3 - 4*z**2 + 21*z - 35. What is a(2)?
-1
Let c(p) = 65597*p - 590255. Give c(9).
118
Let x(u) = -211438*u - 3594347. Calculate x(-17).
99
Let s(i) = -170094*i - 2551390. Give s(-15).
20
Let k(r) = -3*r**2 + 948*r - 9162. Calculate k(306).
18
Let r(c) = -5*c**2 - 1211*c - 7069. Calculate r(-6).
17
Let a(x) = 2*x**3 + 1769*x**2 + 26933*x - 5216. What is a(-869)?
-2
Let w(f) = -37598*f**2 - 37606*f - 14. Give w(-1).
-6
Let j(t) = 25*t**3 - 68*t**2 + 5*t + 21. What is j(-2)?
-461
Let v(n) = -189*n - 19367. Give v(-103).
100
Let p(r) = -1594*r + 38239. Calculate p(24).
-17
Let x(j) = -80312*j - 14295540. Calculate x(-178).
-4
Let p(s) = -4*s**2 - 624*s - 15237. Determine p(-123).
999
Let i(q) = -9*q**2 + 1036*q + 34356. Determine i(142).
-8
Let c(y) = 27*y**3 + 613*y**2 + 927*y - 812. What is c(-21)?
7
Let v(l) = -3130*l - 16793. Give v(-5).
-1143
Let v(m) = 2401*m - 1020495. Determine v(425).
-70
Let a(j) = -3*j**3 + 645*j**2 - 638*j - 840. Determine a(214).
16
Let m(q) = -16*q**2 - 378523*q - 378524. Give m(-1).
-17
Let b(u) = -2*u**2 + 579*u - 30117. Give b(68).
7
Let j(u) = -328*u**2 - 9180*u + 111. Give j(-28).
-1
Let l(u) = -2*u**3 + 85*u**2 + 365*u + 22. What is l(-4)?
50
Let k(s) = -s**3 - 174*s**2 - 6035*s + 1635. Calculate k(-126).
-3
Let r(z) = 2384*z - 7161. Calculate r(3).
-9
Let k(l) = 2008*l - 74303. Calculate k(37).
-7
Let k(u) = -9*u**2 - 5364*u - 52741. Give k(-10).
-1
Let f(z) = 2*z**3 - z**2 + 10*z - 222. What is f(0)?
-222
Let u(k) = 6*k**3 + 30*k**2 - 262*k + 20. Determine u(8).
2916
Let a(q) = 6807*q - 5193734. Calculate a(763).
7
Let h(g) = -g**3 - 15*g**2 + 553*g + 249. Give h(-32).
-39
Let m(s) = -2*s**2 - 209*s + 4968. What is m(-127)?
-747
Let y(k) = 42*k**2 + 438*k - 89. What is y(-9)?
-629
Let k(l) = 77*l**2 - 871*l - 34. Determine k(9).
-1636
Let j(m) = -m**3 + 9*m**2 + 78*m - 117. Calculate j(-7).
121
Let k(s) = -48474*s**2 + 339312*s. What is k(7)?
-42
Let h(r) = -2*r**3 - 94957*r**2 - 379799*r - 12. Give h(-4).
0
Let o(d) = 2*d**3 - 1167*d**2 - 1858*d + 60258. Calculate o(585).
3
Let r(n) = 15*n**2 + 52*n + 3. Calculate r(-7).
374
Let k(q) = -30*q**2 + 97*q - 91. Determine k(1).
-24
Let j(o) = -34*o**2 - 250*o - 513. Calculate j(-2).
-149
Let y(l) = -38*l**2 + 2162*l - 189. Determine y(57).
-417
Let c(u) = -420181*u + 2100907. Determine c(5).
2
Let k(q) = -q**3 - 113*q**2 - 428*q + 1169. Calculate k(-109).
297
Let j(f) = -3324*f - 3503. Calculate j(-1).
-179
Let j(u) = 18*u**3 + 127*u**2 - 93. Calculate j(-7).
-44
Let o(a) = -a**3 + 11*a**2 + 204*a + 6273. Determine o(27).
117
Let o(n) = -9*n + 396. Give o(83).
-351
Let a(c) = 2*c**3 + 198*c**2 - 1490*c - 640. Give a(-106).
-4
Let o(t) = -438*t**2 + 48636*t - 2001. Give o(111).
-3
Let t(u) = 20*u**3 + 5*u**2 - 3*u + 3. Calculate t(4).
1351
Let t(p) = -1681*p**3 + p**2 - 85*p + 83. Give t(1).
-1682
Let u(r) = r**3 - 62*r**2 + 917*r - 154. Calculate u(24).
-34
Let r(i) = 85461*i - 512804. Calculate r(6).
-38
Let v(l) = -68584*l - 67353. What is v(-1)?
1231
Let c(s) = -17*s**2 - 84*s - 89. Determine c(-2).
11
Let p(s) = -22359*s + 22388. Give p(1).
29
Let q(f) = 3*f**2 - 1671*f - 23988. Determine q(-14).
-6
Let f(w) = -4*w**2 + 2261*w - 42542. What is f(19)?
-1027
Let m(h) = 523*h + 732. Determine m(1).
1255
Let k(q) = -387*q + 17137. Determine k(44).
109
Let j(c) = 5641*c**2 + 